[INFO] cloning repository https://github.com/lizhiyong2000/CloudIVS
[INFO] running `Command { std: "git" "-c" "credential.helper=" "-c" "credential.helper=/workspace/cargo-home/bin/git-credential-null" "clone" "--bare" "https://github.com/lizhiyong2000/CloudIVS" "/workspace/cache/git-repos/https%3A%2F%2Fgithub.com%2Flizhiyong2000%2FCloudIVS", kill_on_drop: false }`
[INFO] [stderr] Cloning into bare repository '/workspace/cache/git-repos/https%3A%2F%2Fgithub.com%2Flizhiyong2000%2FCloudIVS'...
[INFO] running `Command { std: "git" "rev-parse" "HEAD", kill_on_drop: false }`
[INFO] [stdout] 46e083865513ea64e51f4019c435e0f7502c85ba
[INFO] checking lizhiyong2000/CloudIVS against master#cfbc6d4cf1acbac5c025acf8ed68929caa551df3 for pr-75494-beta
[INFO] running `Command { std: "git" "clone" "/workspace/cache/git-repos/https%3A%2F%2Fgithub.com%2Flizhiyong2000%2FCloudIVS" "/workspace/builds/worker-5/source", kill_on_drop: false }`
[INFO] [stderr] Cloning into '/workspace/builds/worker-5/source'...
[INFO] [stderr] done.
[INFO] validating manifest of git repo https://github.com/lizhiyong2000/CloudIVS on toolchain cfbc6d4cf1acbac5c025acf8ed68929caa551df3
[INFO] running `Command { std: "/workspace/cargo-home/bin/cargo" "+cfbc6d4cf1acbac5c025acf8ed68929caa551df3" "read-manifest" "--manifest-path" "Cargo.toml", kill_on_drop: false }`
[INFO] started tweaking git repo https://github.com/lizhiyong2000/CloudIVS
[INFO] removed workspace from git repo https://github.com/lizhiyong2000/CloudIVS
[INFO] finished tweaking git repo https://github.com/lizhiyong2000/CloudIVS
[INFO] tweaked toml for git repo https://github.com/lizhiyong2000/CloudIVS written to /workspace/builds/worker-5/source/Cargo.toml
[INFO] crate git repo https://github.com/lizhiyong2000/CloudIVS already has a lockfile, it will not be regenerated
[INFO] running `Command { std: "/workspace/cargo-home/bin/cargo" "+cfbc6d4cf1acbac5c025acf8ed68929caa551df3" "fetch" "--locked" "--manifest-path" "Cargo.toml", kill_on_drop: false }`
[INFO] [stderr]     Updating git repository `https://github.com/sgodwincs/uriparse-rs.git`
[INFO] [stderr]  Downloading crates ...
[INFO] [stderr]   Downloaded pnet_macros_support v0.26.0
[INFO] [stderr]   Downloaded trackable_derive v0.1.3
[INFO] [stderr]   Downloaded sha v1.0.3
[INFO] [stderr]   Downloaded bytecodec v0.4.13
[INFO] [stderr]   Downloaded nom v6.0.0-alpha1
[INFO] [stderr]   Downloaded ordered-multimap v0.2.4
[INFO] [stderr]   Downloaded splay_tree v0.2.10
[INFO] [stderr]   Downloaded assert_matches v1.3.0
[INFO] [stderr]   Downloaded parallel-event-emitter v0.2.4
[INFO] [stderr]   Downloaded dlv-list v0.2.2
[INFO] [stderr]   Downloaded trackable v0.1.8
[INFO] [stderr]   Downloaded trace-error v0.1.5
[INFO] [stderr]   Downloaded linked_hash_set v0.1.3
[INFO] [stderr]   Downloaded bswap v1.0.0
[INFO] running `Command { std: "docker" "create" "-v" "/var/lib/crater-agent-workspace/builds/worker-5/target:/opt/rustwide/target:rw,Z" "-v" "/var/lib/crater-agent-workspace/builds/worker-5/source:/opt/rustwide/workdir:ro,Z" "-v" "/var/lib/crater-agent-workspace/cargo-home:/opt/rustwide/cargo-home:ro,Z" "-v" "/var/lib/crater-agent-workspace/rustup-home:/opt/rustwide/rustup-home:ro,Z" "-e" "SOURCE_DIR=/opt/rustwide/workdir" "-e" "CARGO_TARGET_DIR=/opt/rustwide/target" "-e" "CARGO_HOME=/opt/rustwide/cargo-home" "-e" "RUSTUP_HOME=/opt/rustwide/rustup-home" "-w" "/opt/rustwide/workdir" "-m" "1610612736" "--user" "0:0" "--network" "none" "rustops/crates-build-env@sha256:a636fd89d022f18117e1dc8fb37a0a009933cdbbe082814857f0e2024962d47c" "/opt/rustwide/cargo-home/bin/cargo" "+cfbc6d4cf1acbac5c025acf8ed68929caa551df3" "metadata" "--no-deps" "--format-version=1", kill_on_drop: false }`
[INFO] [stdout] c25f009c93a438697b797f99ced0c52b8c237fe1cd9fc1129d94363a04aeb072
[INFO] [stderr] WARNING: Your kernel does not support swap limit capabilities or the cgroup is not mounted. Memory limited without swap.
[INFO] running `Command { std: "docker" "start" "-a" "c25f009c93a438697b797f99ced0c52b8c237fe1cd9fc1129d94363a04aeb072", kill_on_drop: false }`
[INFO] running `Command { std: "docker" "inspect" "c25f009c93a438697b797f99ced0c52b8c237fe1cd9fc1129d94363a04aeb072", kill_on_drop: false }`
[INFO] running `Command { std: "docker" "rm" "-f" "c25f009c93a438697b797f99ced0c52b8c237fe1cd9fc1129d94363a04aeb072", kill_on_drop: false }`
[INFO] [stdout] c25f009c93a438697b797f99ced0c52b8c237fe1cd9fc1129d94363a04aeb072
[INFO] running `Command { std: "docker" "create" "-v" "/var/lib/crater-agent-workspace/builds/worker-5/target:/opt/rustwide/target:rw,Z" "-v" "/var/lib/crater-agent-workspace/builds/worker-5/source:/opt/rustwide/workdir:ro,Z" "-v" "/var/lib/crater-agent-workspace/cargo-home:/opt/rustwide/cargo-home:ro,Z" "-v" "/var/lib/crater-agent-workspace/rustup-home:/opt/rustwide/rustup-home:ro,Z" "-e" "SOURCE_DIR=/opt/rustwide/workdir" "-e" "CARGO_TARGET_DIR=/opt/rustwide/target" "-e" "CARGO_INCREMENTAL=0" "-e" "RUST_BACKTRACE=full" "-e" "RUSTFLAGS=--cap-lints=forbid" "-e" "CARGO_HOME=/opt/rustwide/cargo-home" "-e" "RUSTUP_HOME=/opt/rustwide/rustup-home" "-w" "/opt/rustwide/workdir" "-m" "1610612736" "--user" "0:0" "--network" "none" "rustops/crates-build-env@sha256:a636fd89d022f18117e1dc8fb37a0a009933cdbbe082814857f0e2024962d47c" "/opt/rustwide/cargo-home/bin/cargo" "+cfbc6d4cf1acbac5c025acf8ed68929caa551df3" "check" "--frozen" "--all" "--all-targets" "--message-format=json", kill_on_drop: false }`
[INFO] [stderr] WARNING: Your kernel does not support swap limit capabilities or the cgroup is not mounted. Memory limited without swap.
[INFO] [stdout] bfe3014b6fd5d3b924c30ddb2db1b662614ad001a1168cb8707f4970bad7b671
[INFO] running `Command { std: "docker" "start" "-a" "bfe3014b6fd5d3b924c30ddb2db1b662614ad001a1168cb8707f4970bad7b671", kill_on_drop: false }`
[INFO] [stderr]     Checking cfg-if v0.1.10
[INFO] [stderr]    Compiling log v0.4.8
[INFO] [stderr]    Compiling proc-macro2 v1.0.18
[INFO] [stderr]    Compiling unicode-xid v0.2.0
[INFO] [stderr]    Compiling autocfg v1.0.0
[INFO] [stderr]    Compiling memchr v2.3.3
[INFO] [stderr]    Compiling syn v1.0.33
[INFO] [stderr]     Checking rustc-serialize v0.3.24
[INFO] [stderr]    Compiling getrandom v0.1.14
[INFO] [stderr]     Checking slab v0.4.2
[INFO] [stderr]     Checking futures-core v0.3.5
[INFO] [stderr]    Compiling pin-project-internal v0.4.22
[INFO] [stderr]     Checking lazy_static v1.4.0
[INFO] [stderr]    Compiling term v0.4.6
[INFO] [stderr]    Compiling unicode-xid v0.0.3
[INFO] [stderr]     Checking futures-sink v0.3.5
[INFO] [stderr]    Compiling bitflags v0.5.0
[INFO] [stderr]    Compiling proc-macro-nested v0.1.6
[INFO] [stderr]    Compiling byteorder v1.3.4
[INFO] [stderr]     Checking ppv-lite86 v0.2.8
[INFO] [stderr]     Checking gimli v0.22.0
[INFO] [stderr]     Checking once_cell v1.4.0
[INFO] [stderr]    Compiling regex-syntax v0.6.18
[INFO] [stderr]     Checking adler v0.2.2
[INFO] [stderr]     Checking futures-io v0.3.5
[INFO] [stderr]     Checking fnv v1.0.7
[INFO] [stderr]    Compiling proc-macro-hack v0.5.16
[INFO] [stderr]    Compiling bitflags v1.2.1
[INFO] [stderr]    Compiling lexical-core v0.7.4
[INFO] [stderr]    Compiling version_check v0.9.2
[INFO] [stderr]    Compiling gcc v0.3.55
[INFO] [stderr]     Checking pin-utils v0.1.0
[INFO] [stderr]     Checking object v0.20.0
[INFO] [stderr]     Checking tinyvec v0.3.3
[INFO] [stderr]     Checking arc-swap v0.4.7
[INFO] [stderr]     Checking matches v0.1.8
[INFO] [stderr]    Compiling serde_derive v1.0.114
[INFO] [stderr]     Checking rustc-demangle v0.1.16
[INFO] [stderr]     Checking arrayvec v0.5.1
[INFO] [stderr]    Compiling unicode-segmentation v1.6.0
[INFO] [stderr]     Checking futures v0.1.29
[INFO] [stderr]     Checking ahash v0.3.8
[INFO] [stderr]     Checking bytes v0.5.5
[INFO] [stderr]    Compiling serde v1.0.114
[INFO] [stderr]     Checking pin-project-lite v0.1.7
[INFO] [stderr]    Compiling glob v0.3.0
[INFO] [stderr]     Checking static_assertions v1.1.0
[INFO] [stderr]     Checking bswap v1.0.0
[INFO] [stderr]     Checking either v1.5.3
[INFO] [stderr]     Checking linked-hash-map v0.5.3
[INFO] [stderr]     Checking percent-encoding v2.1.0
[INFO] [stderr]     Checking pnet_base v0.26.0
[INFO] [stderr]     Checking splay_tree v0.2.10
[INFO] [stderr]     Checking md5 v0.7.0
[INFO] [stderr]     Checking mime v0.3.16
[INFO] [stderr]     Checking strum v0.18.0
[INFO] [stderr]     Checking tower-service v0.3.0
[INFO] [stderr]     Checking assert_matches v1.3.0
[INFO] [stderr]     Checking thread_local v1.0.1
[INFO] [stderr]     Checking futures-channel v0.3.5
[INFO] [stderr]     Checking miniz_oxide v0.4.0
[INFO] [stderr]     Checking futures-task v0.3.5
[INFO] [stderr]     Checking uriparse v0.6.1 (https://github.com/sgodwincs/uriparse-rs.git#3fa71456)
[INFO] [stderr]    Compiling num-traits v0.2.12
[INFO] [stderr]    Compiling num-integer v0.1.43
[INFO] [stderr]    Compiling hashbrown v0.7.2
[INFO] [stderr]    Compiling num-iter v0.1.41
[INFO] [stderr]     Checking unicode-bidi v0.3.4
[INFO] [stderr]     Checking unicode-normalization v0.1.13
[INFO] [stderr]    Compiling nom v6.0.0-alpha1
[INFO] [stderr]    Compiling heck v0.3.1
[INFO] [stderr]     Checking sha v1.0.3
[INFO] [stderr]     Checking itertools v0.8.2
[INFO] [stderr]     Checking pnet_macros_support v0.26.0
[INFO] [stderr]     Checking linked_hash_set v0.1.3
[INFO] [stderr]    Compiling rust-crypto v0.2.36
[INFO] [stderr]    Compiling libc v0.2.71
[INFO] [stderr]    Compiling syntex_pos v0.42.0
[INFO] [stderr]     Checking rand v0.4.6
[INFO] [stderr]     Checking iovec v0.1.4
[INFO] [stderr]     Checking num_cpus v1.13.0
[INFO] [stderr]     Checking net2 v0.2.34
[INFO] [stderr]     Checking signal-hook-registry v1.2.0
[INFO] [stderr]     Checking time v0.1.43
[INFO] [stderr]     Checking log v0.3.9
[INFO] [stderr]    Compiling aho-corasick v0.7.13
[INFO] [stderr]     Checking base64 v0.10.1
[INFO] [stderr]     Checking idna v0.2.0
[INFO] [stderr]     Checking futures-cpupool v0.1.8
[INFO] [stderr]     Checking rand_core v0.5.1
[INFO] [stderr]    Compiling quote v1.0.7
[INFO] [stderr]     Checking addr2line v0.13.0
[INFO] [stderr]     Checking syntex_errors v0.42.0
[INFO] [stderr]     Checking mio v0.6.22
[INFO] [stderr]     Checking rand_chacha v0.2.2
[INFO] [stderr]     Checking url v2.1.1
[INFO] [stderr]     Checking rand v0.3.23
[INFO] [stderr]     Checking regex v1.3.9
[INFO] [stderr]     Checking rand v0.7.3
[INFO] [stderr]     Checking trackable v0.1.8
[INFO] [stderr]     Checking syntex_syntax v0.42.0
[INFO] [stderr]     Checking backtrace v0.3.50
[INFO] [stderr]     Checking num-complex v0.1.43
[INFO] [stderr]     Checking mio-uds v0.6.8
[INFO] [stderr]     Checking trace-error v0.1.5
[INFO] [stderr]     Checking dlv-list v0.2.2
[INFO] [stderr]     Checking num-bigint v0.1.44
[INFO] [stderr]     Checking chrono v0.4.11
[INFO] [stderr]     Checking parallel-event-emitter v0.2.4
[INFO] [stderr]     Checking ordered-multimap v0.2.4
[INFO] [stderr]     Checking num-rational v0.1.42
[INFO] [stderr]     Checking num v0.1.42
[INFO] [stderr]     Checking syntex v0.42.2
[INFO] [stderr]     Checking pnet_macros v0.26.0
[INFO] [stderr]    Compiling futures-macro v0.3.5
[INFO] [stderr]    Compiling tokio-macros v0.2.5
[INFO] [stderr]    Compiling trackable_derive v0.1.3
[INFO] [stderr]    Compiling strum_macros v0.18.0
[INFO] [stderr]     Checking tokio v0.2.21
[INFO] [stderr]     Checking trackable v0.2.23
[INFO] [stderr]     Checking bytecodec v0.4.13
[INFO] [stderr]     Checking pin-project v0.4.22
[INFO] [stderr]     Checking futures-util v0.3.5
[INFO] [stderr]     Checking tokio-util v0.3.1
[INFO] [stderr]    Compiling cloudmedia v0.1.0 (/opt/rustwide/workdir)
[INFO] [stderr]     Checking futures-executor v0.3.5
[INFO] [stderr]     Checking futures v0.3.5
[INFO] [stdout] error[E0252]: the name `Framed` is defined multiple times
[INFO] [stdout]    --> src/protocol/rtsp/connection/mod.rs:878:9
[INFO] [stdout]     |
[INFO] [stdout] 877 |     use tokio_util::codec::Framed;
[INFO] [stdout]     |         ------------------------- previous import of the type `Framed` here
[INFO] [stdout] 878 |     use tokio_util::codec::Framed;
[INFO] [stdout]     |         ^^^^^^^^^^^^^^^^^^^^^^^^^ `Framed` reimported here
[INFO] [stdout]     |
[INFO] [stdout]     = note: `Framed` must be defined only once in the type namespace of this module
[INFO] [stdout] 
[INFO] [stdout] 
[INFO] [stdout] error: unexpected end of macro invocation
[INFO] [stdout]    --> src/protocol/rtsp/syntax.rs:165:18
[INFO] [stdout]     |
[INFO] [stdout] 165 |         .unwrap());
[INFO] [stdout]     |                  ^ missing tokens in macro arguments
[INFO] [stdout] 
[INFO] [stdout] 
[INFO] [stdout] error[E0432]: unresolved imports `futures::Async`, `futures::Poll`
[INFO] [stdout]    --> src/protocol/rtsp/connection/handler.rs:353:19
[INFO] [stdout]     |
[INFO] [stdout] 353 |     use futures::{Async, Future, Poll, Stream};
[INFO] [stdout]     |                   ^^^^^          ^^^^
[INFO] [stdout]     |                   |              |
[INFO] [stdout]     |                   |              no `Poll` in the root
[INFO] [stdout]     |                   |              help: a similar name exists in the module: `poll`
[INFO] [stdout]     |                   no `Async` in the root
[INFO] [stdout] 
[INFO] [stdout] 
[INFO] [stdout] error[E0432]: unresolved import `tokio::runtime::current_thread`
[INFO] [stdout]    --> src/protocol/rtsp/connection/handler.rs:356:9
[INFO] [stdout]     |
[INFO] [stdout] 356 |     use tokio::runtime::current_thread;
[INFO] [stdout]     |         ^^^^^^^^^^^^^^^^^^^^^^^^^^^^^^ no `current_thread` in `runtime`
[INFO] [stdout] 
[INFO] [stdout] 
[INFO] [stdout] error[E0432]: unresolved import `tokio::runtime::current_thread`
[INFO] [stdout]    --> src/protocol/rtsp/connection/sender.rs:177:9
[INFO] [stdout]     |
[INFO] [stdout] 177 |     use tokio::runtime::current_thread;
[INFO] [stdout]     |         ^^^^^^^^^^^^^^^^^^^^^^^^^^^^^^ no `current_thread` in `runtime`
[INFO] [stdout] 
[INFO] [stdout] 
[INFO] [stdout] error[E0554]: `#![feature]` may not be used on the beta release channel
[INFO] [stdout]  --> src/lib.rs:6:1
[INFO] [stdout]   |
[INFO] [stdout] 6 | #![feature(int_error_matching)]
[INFO] [stdout]   | ^^^^^^^^^^^^^^^^^^^^^^^^^^^^^^^
[INFO] [stdout] 
[INFO] [stdout] 
[INFO] [stdout] error[E0432]: unresolved import `tokio::runtime::current_thread`
[INFO] [stdout]    --> src/protocol/rtsp/connection/shutdown.rs:252:9
[INFO] [stdout]     |
[INFO] [stdout] 252 |     use tokio::runtime::current_thread;
[INFO] [stdout]     |         ^^^^^^^^^^^^^^^^^^^^^^^^^^^^^^ no `current_thread` in `runtime`
[INFO] [stdout] 
[INFO] [stdout] 
[INFO] [stdout] error[E0432]: unresolved import `tokio::runtime::current_thread`
[INFO] [stdout]    --> src/protocol/rtsp/codec/mod.rs:378:25
[INFO] [stdout]     |
[INFO] [stdout] 378 |     use tokio::runtime::current_thread::Runtime;
[INFO] [stdout]     |                         ^^^^^^^^^^^^^^ could not find `current_thread` in `runtime`
[INFO] [stdout] 
[INFO] [stdout] 
[INFO] [stdout] error[E0432]: unresolved import `tokio_tcp`
[INFO] [stdout]    --> src/protocol/rtsp/connection/mod.rs:880:9
[INFO] [stdout]     |
[INFO] [stdout] 880 |     use tokio_tcp::TcpStream;
[INFO] [stdout]     |         ^^^^^^^^^ use of undeclared type or module `tokio_tcp`
[INFO] [stdout] 
[INFO] [stdout] 
[INFO] [stdout] error[E0432]: unresolved import `crate::protocol::rtsp::version::VersionDecodeError`
[INFO] [stdout]    --> src/protocol/rtsp/codec/decoder/request.rs:902:9
[INFO] [stdout]     |
[INFO] [stdout] 902 |     use crate::protocol::rtsp::version::VersionDecodeError;
[INFO] [stdout]     |         ^^^^^^^^^^^^^^^^^^^^^^^^^^^^^^^^^^^^^^^^^^^^^^^^^^ no `VersionDecodeError` in `protocol::rtsp::version`
[INFO] [stdout] 
[INFO] [stdout] 
[INFO] [stdout] error[E0432]: unresolved import `crate::protocol::rtsp::version::VersionDecodeError`
[INFO] [stdout]    --> src/protocol/rtsp/codec/decoder/response.rs:848:9
[INFO] [stdout]     |
[INFO] [stdout] 848 |     use crate::protocol::rtsp::version::VersionDecodeError;
[INFO] [stdout]     |         ^^^^^^^^^^^^^^^^^^^^^^^^^^^^^^^^^^^^^^^^^^^^^^^^^^ no `VersionDecodeError` in `protocol::rtsp::version`
[INFO] [stdout] 
[INFO] [stdout] 
[INFO] [stdout] warning: variant `AES_CM_128_HMAC_SHA1_80` should have an upper camel case name
[INFO] [stdout]   --> src/common/srtp_parameters.rs:10:5
[INFO] [stdout]    |
[INFO] [stdout] 10 |     AES_CM_128_HMAC_SHA1_80,
[INFO] [stdout]    |     ^^^^^^^^^^^^^^^^^^^^^^^ help: convert the identifier to upper camel case: `AesCm128HmacSha1_80`
[INFO] [stdout]    |
[INFO] [stdout]    = note: `#[warn(non_camel_case_types)]` on by default
[INFO] [stdout] 
[INFO] [stdout] 
[INFO] [stdout] warning: variant `AES_CM_128_HMAC_SHA1_32` should have an upper camel case name
[INFO] [stdout]   --> src/common/srtp_parameters.rs:13:5
[INFO] [stdout]    |
[INFO] [stdout] 13 |     AES_CM_128_HMAC_SHA1_32,
[INFO] [stdout]    |     ^^^^^^^^^^^^^^^^^^^^^^^ help: convert the identifier to upper camel case: `AesCm128HmacSha1_32`
[INFO] [stdout] 
[INFO] [stdout] 
[INFO] [stdout] error[E0554]: `#![feature]` may not be used on the beta release channel
[INFO] [stdout]  --> src/lib.rs:6:1
[INFO] [stdout]   |
[INFO] [stdout] 6 | #![feature(int_error_matching)]
[INFO] [stdout]   | ^^^^^^^^^^^^^^^^^^^^^^^^^^^^^^^
[INFO] [stdout] 
[INFO] [stdout] 
[INFO] [stdout] warning: variant `AES_CM_128_HMAC_SHA1_80` should have an upper camel case name
[INFO] [stdout]   --> src/common/srtp_parameters.rs:10:5
[INFO] [stdout]    |
[INFO] [stdout] 10 |     AES_CM_128_HMAC_SHA1_80,
[INFO] [stdout]    |     ^^^^^^^^^^^^^^^^^^^^^^^ help: convert the identifier to upper camel case: `AesCm128HmacSha1_80`
[INFO] [stdout]    |
[INFO] [stdout]    = note: `#[warn(non_camel_case_types)]` on by default
[INFO] [stdout] 
[INFO] [stdout] 
[INFO] [stdout] warning: variant `AES_CM_128_HMAC_SHA1_32` should have an upper camel case name
[INFO] [stdout]   --> src/common/srtp_parameters.rs:13:5
[INFO] [stdout]    |
[INFO] [stdout] 13 |     AES_CM_128_HMAC_SHA1_32,
[INFO] [stdout]    |     ^^^^^^^^^^^^^^^^^^^^^^^ help: convert the identifier to upper camel case: `AesCm128HmacSha1_32`
[INFO] [stdout] 
[INFO] [stdout] 
[INFO] [stdout] warning: trait objects without an explicit `dyn` are deprecated
[INFO] [stdout]    --> src/protocol/rtsp/connection/handler.rs:380:27
[INFO] [stdout]     |
[INFO] [stdout] 380 |         type Future = Box<Future<Output = Result<Self::Response, Self::Error>> + Send + 'static>;
[INFO] [stdout]     |                           ^^^^^^^^^^^^^^^^^^^^^^^^^^^^^^^^^^^^^^^^^^^^^^^^^^^^^^^^^^^^^^^^^^^^^ help: use `dyn`: `dyn Future<Output = Result<Self::Response, Self::Error>> + Send + 'static`
[INFO] [stdout]     |
[INFO] [stdout]     = note: `#[warn(bare_trait_objects)]` on by default
[INFO] [stdout] 
[INFO] [stdout] 
[INFO] [stdout] warning: trait objects without an explicit `dyn` are deprecated
[INFO] [stdout]    --> src/protocol/rtsp/connection/handler.rs:404:27
[INFO] [stdout]     |
[INFO] [stdout] 404 |         type Future = Box<Future<Output = Result<Self::Response, Self::Error>> + Send + 'static>;
[INFO] [stdout]     |                           ^^^^^^^^^^^^^^^^^^^^^^^^^^^^^^^^^^^^^^^^^^^^^^^^^^^^^^^^^^^^^^^^^^^^^ help: use `dyn`: `dyn Future<Output = Result<Self::Response, Self::Error>> + Send + 'static`
[INFO] [stdout] 
[INFO] [stdout] 
[INFO] [stdout] error[E0220]: associated type `Output` not found for `Self`
[INFO] [stdout]    --> src/protocol/rtsp/connection/handler.rs:394:81
[INFO] [stdout]     |
[INFO] [stdout] 394 |         fn poll_ready(self: Pin<&mut Self>, cx: &mut Context<'_>) -> Poll<Self::Output> {
[INFO] [stdout]     |                                                                                 ^^^^^^ associated type `Output` not found
[INFO] [stdout] 
[INFO] [stdout] 
[INFO] [stdout] error[E0220]: associated type `Output` not found for `Self`
[INFO] [stdout]    --> src/protocol/rtsp/connection/handler.rs:415:81
[INFO] [stdout]     |
[INFO] [stdout] 415 |         fn poll_ready(self: Pin<&mut Self>, cx: &mut Context<'_>) -> Poll<Self::Output> {
[INFO] [stdout]     |                                                                                 ^^^^^^ associated type `Output` not found
[INFO] [stdout] 
[INFO] [stdout] 
[INFO] [stdout] error: aborting due to 13 previous errors; 4 warnings emitted
[INFO] [stdout] 
[INFO] [stdout] 
[INFO] [stdout] Some errors have detailed explanations: E0220, E0252, E0432, E0554.
[INFO] [stdout] 
[INFO] [stdout] For more information about an error, try `rustc --explain E0220`.
[INFO] [stdout] 
[INFO] [stderr] error: could not compile `cloudmedia`.
[INFO] [stderr] 
[INFO] [stderr] To learn more, run the command again with --verbose.
[INFO] [stderr] warning: build failed, waiting for other jobs to finish...
[INFO] [stdout] error: aborting due to previous error; 2 warnings emitted
[INFO] [stdout] 
[INFO] [stdout] 
[INFO] [stdout] For more information about this error, try `rustc --explain E0554`.
[INFO] [stdout] 
[INFO] [stderr] error: build failed
[INFO] running `Command { std: "docker" "inspect" "bfe3014b6fd5d3b924c30ddb2db1b662614ad001a1168cb8707f4970bad7b671", kill_on_drop: false }`
[INFO] running `Command { std: "docker" "rm" "-f" "bfe3014b6fd5d3b924c30ddb2db1b662614ad001a1168cb8707f4970bad7b671", kill_on_drop: false }`
[INFO] [stdout] bfe3014b6fd5d3b924c30ddb2db1b662614ad001a1168cb8707f4970bad7b671
